is divided by 190?
179
Calculate the remainder when 1371 is divided by 909.
462
What is the remainder when 39401 is divided by 4924?
9
What is the remainder when 13158 is divided by 623?
75
What is the remainder when 25634 is divided by 223?
212
What is the remainder when 10714 is divided by 14?
4
What is the remainder when 158716 is divided by 52901?
13
Calculate the remainder when 2006 is divided by 133.
11
Calculate the remainder when 25417 is divided by 142.
141
What is the remainder when 295 is divided by 120?
55
What is the remainder when 10945 is divided by 1020?
745
What is the remainder when 34532 is divided by 2295?
107
What is the remainder when 2685 is divided by 137?
82
What is the remainder when 60290 is divided by 30144?
2
What is the remainder when 23659 is divided by 16?
11
What is the remainder when 32900 is divided by 18?
14
Calculate the remainder when 86162 is divided by 311.
15
Calculate the remainder when 2715 is divided by 321.
147
What is the remainder when 8975 is divided by 4315?
345
Calculate the remainder when 182414 is divided by 60761.
131
What is the remainder when 277523 is divided by 10?
3
What is the remainder when 398 is divided by 5?
3
Calculate the remainder when 37894 is divided by 620.
74
What is the remainder when 678 is divided by 167?
10
What is the remainder when 27779 is divided by 189?
185
Calculate the remainder when 20591 is divided by 117.
116
Calculate the remainder when 10380 is divided by 691.
15
What is the remainder when 20591 is divided by 6?
5
What is the remainder when 39397 is divided by 20?
17
What is the remainder when 5715 is divided by 44?
39
Calculate the remainder when 19733 is divided by 31.
17
What is the remainder when 540 is divided by 43?
24
What is the remainder when 210303 is divided by 8?
7
What is the remainder when 3172 is divided by 124?
72
Calculate the remainder when 93608 is divided by 608.
584
What is the remainder when 357156 is divided by 137?
134
Calculate the remainder when 6177 is divided by 1225.
52
Calculate the remainder when 3521 is divided by 283.
125
What is the remainder when 7148 is divided by 7055?
93
What is the remainder when 28430 is divided by 466?
4
What is the remainder when 622642 is divided by 1068?
1066
What is the remainder when 91121 is divided by 44?
41
Calculate the remainder when 400 is divided by 136.
128
Calculate the remainder when 139192 is divided by 160.
152
What is the remainder when 8064669 is divided by 924?
921
Calculate the remainder when 3565 is divided by 73.
61
What is the remainder when 210949 is divided by 2268?
25
What is the remainder when 1508482 is divided by 772?
766
What is the remainder when 64547 is divided by 127?
31
What is the remainder when 160531 is divided by 9?
7
Calculate the remainder when 1276 is divided by 670.
606
What is the remainder when 1629 is divided by 73?
23
Calculate the remainder when 87676 is divided by 226.
214
What is the remainder when 90212 is divided by 42?
38
Calculate the remainder when 1070233 is divided by 39.
34
What is the remainder when 210175 is divided by 38?
35
What is the remainder when 6279 is divided by 3137?
5
Calculate the remainder when 65534 is divided by 10920.
14
What is the remainder when 2137 is divided by 365?
312
Calculate the remainder when 747377 is divided by 39335.
12
What is the remainder when 8732 is divided by 1451?
26
What is the remainder when 21360 is divided by 10654?
52
What is the remainder when 1062977 is divided by 212?
9
What is the remainder when 100303 is divided by 100286?
17
Calculate the remainder when 31599 is divided by 735.
729
Calculate the remainder when 3993 is divided by 1182.
447
What is the remainder when 311950 is divided by 582?
580
What is the remainder when 6832 is divided by 692?
604
Calculate the remainder when 11460 is divided by 358.
4
Calculate the remainder when 5165 is divided by 2524.
117
Calculate the remainder when 908470 is divided by 454235.
0
Calculate the remainder when 12583 is divided by 668.
559
Calculate the remainder when 225626 is divided by 31.
8
Calculate the remainder when 71637 is divided by 120.
117
What is the remainder when 1089 is divided by 15?
9
Calculate the remainder when 7569 is divided by 752.
49
What is the remainder when 2240 is divided by 453?
428
Calculate the remainder when 983 is divided by 789.
194
Calculate the remainder when 142304 is divided by 603.
599
What is the remainder when 6497 is divided by 22?
7
What is the remainder when 144671 is divided by 574?
23
What is the remainder when 5262 is divided by 13?
10
Calculate the remainder when 4145 is divided by 2067.
11
Calculate the remainder when 15019 is divided by 15019.
0
Calculate the remainder when 20970 is divided by 1180.
910
Calculate the remainder when 3037 is divided by 506.
1
What is the remainder when 9513 is divided by 369?
288
Calculate the remainder when 2863 is divided by 607.
435
What is the remainder when 19137 is divided by 58?
55
Calculate the remainder when 43431 is divided by 368.
7
Calculate the remainder when 49732 is divided by 172.
24
What is the remainder when 62110 is divided by 1425?
835
What is the remainder when 58507 is divided by 750?
7
What is the remainder when 26579 is divided by 6620?
99
What is the remainder when 36504 is divided by 30?
24
Calculate the remainder when 27645 is divided by 439.
427
Calculate the remainder when 9091 is divided by 4525.
41
What is the remainder when 4636 is divided by 924?
16
Calculate the remainder when 7222 is divided by 291.
238
Calculate the remainder when 1846 is divided by 630.
586
Calculate the remainder when 121 is divided by 51.
19
What is the remainder when 2293 is divided by 569?
17
Calculate the remainder when 30928 is divided by 271.
34
Calculate the remainder when 10804 is divided by 10764.
40
What is the remainder when 8310 is divided by 1035?
30
What is the remainder when 3054 is divided by 776?
726
Calculate the remainder when 93502 is divided by 24.
22
Calculate the remainder when 644 is divided by 53.
8
What is the remainder when 3633 is divided by 415?
313
What is the remainder when 10811 is divided by 3585?
56
What is the remainder when 46939 is divided by 37?
23
Calculate the remainder when 1492 is divided by 339.
136
Calculate the remainder when 33151 is divided by 8273.
59
What is the remainder when 2066 is divided by 499?
70
Calculate the remainder when 79099 is divided by 113.
112
Calculate the remainder when 3945 is divided by 548.
109
What is the remainder when 20731 is divided by 54?
49
What is the remainder when 85028 is divided by 16997?
43
What is the remainder when 2464 is divided by 76?
32
Calculate the remainder when 15285 is divided by 115.
105
Calculate the remainder when 34067 is divided by 99.
11
Calculate the remainder when 2869 is divided by 354.
37
What is the remainder when 93067 is divided by 454?
451
What is the remainder when 2189 is divided by 453?
377
What is the remainder when 1140 is divided by 522?
96
What is the remainder when 75367 is divided by 735?
397
What is the remainder when 2794 is divided by 46?
34
What is the remainder when 39921 is divided by 13?
11
Calculate the remainder when 105315 is divided by 233.
232
Calculate the remainder when 127338 is divided by 262.
6
What is the remainder when 33112 is divided by 24?
16
Calculate the remainder when 1963 is divided by 490.
3
Calculate the remainder when 1588 is divided by 58.
22
Calculate the remainder when 36632 is divided by 25.
7
What is the remainder when 131 is divided by 19?
17
Calculate the remainder when 123385 is divided by 90.
85
Calculate the remainder when 5609 is divided by 955.
834
Calculate the remainder when 10456 is divided by 804.
4
What is the remainder when 59744 is divided by 251?
6
What is the remainder when 14192 is divided by 56?
24
What is the remainder when 105272 is divided by 380?
12
What is the remainder when 19394 is divided by 1757?
67
Calculate the remainder when 34864 is divided by 22.
16
What is the remainder when 14487 is divided by 1393?
557
Calculate the remainder when 1161 is divided by 1.
0
Calculate the remainder when 3651 is divided by 534.
447
Calculate the remainder when 545942 is divided by 797.
794
Calculate the rema